- 3 = -5*o, 0 = o - 3*u + 9. Let b = -16 - o. Suppose 0*w - 164 = -b*w. Calculate the remainder when w is divided by 14.
12
Let w(p) = 0*p**3 - 7*p**3 - p**2 + 2*p**3 + 5*p + 3. Suppose 2*f = -70 + 62. Calculate the remainder when w(f) is divided by 48.
47
Let h(r) = 5*r**3 - 2*r**2 - 4*r + 3. Suppose -3*m - 20 = -5*m. Suppose 3*b + m = z, -3*b + 25 = -0*z + 4*z. What is the remainder when h(2) is divided by z?
6
Suppose -3*z - 1941 = -3*f, 10*z - 9*z - 3 = 0. Let m = f - 462. What is the remainder when m is divided by 65?
58
Let s = 287 - 33. Let d = s + -240. Let x = 32 + 31. What is the remainder when x is divided by d?
7
What is the remainder when ((-30)/(-20))/(2/2172) is divided by 10?
9
Suppose 26 = 3*n - 3*b - 244, 0 = b + 3. Calculate the remainder when n is divided by 44.
43
Let l(j) = 2*j**2 - 187*j - 1483. What is the remainder when l(-8) is divided by 30?
21
Suppose -4774 = 1642*l - 1653*l. Calculate the remainder when 1748 is divided by l.
12
Suppose -9*b - 54 = 0, 2*q = 37*b - 38*b + 30. What is the remainder when 3198 is divided by q?
12
Let j = 6235 - 5538. Calculate the remainder when j is divided by 35.
32
Suppose 0 = 14*c - 1822 + 1220. Let k = 1200 - 472. What is the remainder when k is divided by c?
40
Let o(n) = -n**2 - 7*n + 12. Let v be o(-8). Suppose -5*m - 6 = v. Let i = 11 + m. Calculate the remainder when 35 is divided by i.
8
Suppose 5*w - 1019 = -4*z, 4*w - 184 = -4*z + 636. What is the remainder when w is divided by 28?
3
Let y(t) = 12*t**2 + 374*t - 97. Calculate the remainder when y(-33) is divided by 30.
29
Let z(v) = -10*v**3 - 3*v**2 + 11 + 10 + 11 + 9 - 35 + 2*v. Suppose -5*n + 3*o + 102 = 0, 5*n - 22 = 4*n + o. What is the remainder when z(-2) is divided by n?
16
Suppose 121*t = 51172 - 21604 + 48356. What is the remainder when t is divided by 202?
38
Suppose q - 42 = -2*q. What is the remainder when -64 + 28 + (202 - 42) is divided by q?
12
Suppose -6*f + 1256 = 590. What is the remainder when (2216/(-10))/((-38)/190) is divided by f?
109
Let w(g) = g**3 + 60*g**2 + 81*g - 1710. Calculate the remainder when 1882 is divided by w(-58).
282
Calculate the remainder when 62 is divided by (-530)/(-50) + -10 + 52/5.
7
Let m(x) = 7*x - 6. Let u be m(2). Let h(v) = 4*v + u*v - 2*v - 56 + 2*v. Calculate the remainder when 77 is divided by h(7).
21
Let v(n) = -n**3 + 6*n**2 - 4*n + 4. Let b be v(5). Let i be b/18 + 7/2. Suppose -i*r + 185 = -35. What is the remainder when r is divided by 8?
7
Suppose 5*l = -g + 19, -g - g = -l - 5. Suppose f - 3*j = -1 + l, 0 = 4*j. What is the remainder when 61 is divided by f/(4 - 129/33)?
17
Let k = 2717 + -2713. Calculate the remainder when 15 is divided by k.
3
Suppose 0 = 3*y, 0 = -h + 2*y + y + 60. Suppose -2*b + 3*b - h = 0. Suppose -65 = -t - b. Calculate the remainder when t is divided by 4.
1
Let d be -5 - (65/(-39) - (-40)/(-3)). What is the remainder when 151 is divided by -3*((-68)/8)/(5/d)?
49
Suppose 35*k - 4 = 39*k. Let n(i) = 18*i**2 + 2*i + 2. What is the remainder when n(k) is divided by 11?
7
Let r = -63 - -88. Calculate the remainder when 184 is divided by (-5)/r - (-172)/10.
14
Let s(y) be the second derivative of y**4/12 - 13*y**3/3 - 89*y**2/2 + 5*y - 7. Calculate the remainder when s(-4) is divided by 10.
1
Let l(i) = -i**2 - 21*i - 48. Let b = 275 + -241. What is the remainder when l(-11) is divided by b?
28
Suppose 5*f - 8 = s - 45, 3*s = -3*f + 75. Suppose 0 = -2*o - 4*g + 102, -86 = -5*o + 5*g + 139. What is the remainder when o is divided by s?
20
Let y be 11873/62 - (-3)/(-6). Suppose -24 - y = -5*c. Calculate the remainder when 426 is divided by c.
39
Let f = -8 - -17. Let n(p) = p**2 + 16*p - 22. Let c(t) = -7*t + 7. Let r(v) = 7*c(v) + 2*n(v). What is the remainder when 80 is divided by r(f)?
10
Calculate the remainder when 495 is divided by 200/14*(4 + 3).
95
Let l = -43 + 70. Suppose 290*w - 285*w = 2*d + 274, 0 = 5*d + 10. What is the remainder when w is divided by l?
0
Let q = -8734 - -8930. Calculate the remainder when q is divided by 146.
50
Suppose -2*w = v - 169, -174 = -4*w + 2*v + 184. Calculate the remainder when w is divided by 52.
35
Suppose 16*d - 39508 = -4*b, -d + 974 = -2*b - 1493. Calculate the remainder when d is divided by 8.
5
What is the remainder when 636 is divided by (-3105)/207*(38/(-5) - 1)?
120
Let b = 20146 + -19326. What is the remainder when b is divided by 45?
10
Suppose 3*r - 445 = 4*k, 0*r + k + 149 = r. Suppose 595 = 6*o + r. What is the remainder when o is divided by 38?
36
Suppose 0 = v - 12 - 5. Suppose 33 = -15*y + 48. What is the remainder when (52 - 38)/(y/3) is divided by v?
8
Let j(m) = -9*m + 2. Let h = -936 - -1125. Calculate the remainder when h is divided by j(-4).
37
Suppose -24*o + 3629 = 4*o + 3069. What is the remainder when 235 - (2 + 0/(-2)) is divided by o?
13
Suppose -2*c = 2*u - 362, -4*u - 3*c - 74 = -792. Calculate the remainder when 196 is divided by u.
21
Suppose -11*h = -19 - 25. Suppose -3*j + j + 5*m = -11, 3*m = -h*j + 35. Let n(u) = u + 3. What is the remainder when 36 is divided by n(j)?
3
Suppose -2*m = 4*h - 216, 228 = -351*h + 355*h - m. Calculate the remainder when 2370 is divided by h.
18
Let i = -465 + 459. Calculate the remainder when (-436)/(-5)*(102/12 + i) is divided by 55.
53
Suppose t = -2*h - 260, -3*t = h - 3*h - 244. Let x = h - -150. What is the remainder when 123 is divided by x?
13
Let y(o) = -o**3 - 16*o**2 - 18*o - 43. Let p be y(-15). Suppose 5*s = 4*d + 92, -2*d = -p*s - 3*d + 42. Calculate the remainder when 168 is divided by s.
8
Suppose -3*d - 15*d = 216. What is the remainder when 33 is divided by (d/9)/(2/(-30))?
13
Let u = -3482 - -3566. Calculate the remainder when (-1005 + 0)*1/(-3) is divided by u.
83
Calculate the remainder when 801 is divided by 8/6*((-1017)/(-6) + -18).
195
Let t = 1039 + -185. Suppose -t = 6*v - 896. Calculate the remainder when 21 is divided by v.
0
Suppose b + 7*b = 128. Let w(q) = 43*q + 329. What is the remainder when w(-7) is divided by b?
12
Calculate the remainder when 1130 is divided by 328/48*(7 + -14 + 13).
23
Suppose -138*d = -108*d - 34680. Calculate the remainder when d is divided by 44.
12
Suppose -2*b - 380 = -7*b. Suppose -147 - 147 = 6*q. Let n = q + b. Calculate the remainder when 64 is divided by n.
10
Suppose -8*u = 10*u - 36. Let n = 25 - 23. Calculate the remainder when u is divided by -4 - 6*(-3 + n).
0
Let p = -102 - -85. Let k = 182 - 215. Let i = p - k. Calculate the remainder when 125 is divided by i.
13
What is the remainder when 479 is divided by (10 - 168/15)/((-4)/(-10))*-21?
38
Suppose -4*k + 20 = 4*z - 2*k, 3*z + 5*k = 1. What is the remainder when 42 is divided by 4 + ((-35)/z - -13)?
6
Suppose -p + 190 = 4*p. Let z be (4 + -4)/(3 - 2). Suppose -t + 224 - 35 = z. What is the remainder when t is divided by p?
37
Let y(x) = -7*x**2 + 317*x. What is the remainder when 1074 is divided by y(45)?
84
Let u be (-2 + 18/15)/(4/(-10)). Suppose -u*d + 2 = -4. Suppose d*h + 0*k - 405 = -3*k, -5*k = -15. Calculate the remainder when h is divided by 15.
12
Let y be (-13 + 19)*88/3. Suppose 180*b - y*b = 32. What is the remainder when (0 + (-11)/4)/(b/(-256)) is divided by 15?
13
Let x(n) = 52 + 41*n + 12*n**2 - 6*n**3 + 23*n**3 - 8*n**3 - 8*n**3. Suppose 0 = -4*l + 133 - 25. What is the remainder when l is divided by x(-7)?
7
Calculate the remainder when 4/((2/38)/(22 + 3)) is divided by 136.
132
Let m = -40 + 138. What is the remainder when m is divided by 25?
23
Let i = -245 - -213. What is the remainder when 45 is divided by i/(-24)*(-69)/(-4)?
22
Suppose 8*j + 5698 = -14*j. Let h = 372 + j. What is the remainder when h is divided by 40?
33
Let p be (-2)/(-2) + 45/5. Suppose z - p = -z. Let g = -4760 + 4763. What is the remainder when z is divided by g?
2
Suppose 4*z - 60 = 124. Let n be 2/8*2 - (-117)/26. Suppose -n*r = -3*p - 111, 2*r = -3*r - 3*p + 129. What is the remainder when z is divided by r?
22
Suppose 0 = -2*j - c + 2*c + 73, 2*j - 67 = -5*c. What is the remainder when (3/(-6))/(2/(-1284) - 0) is divided by j?
33
Let z = 832 - 586. Let k = 254 - z. Let b = 26 - -2. Calculate the remainder when b is divided by k.
4
Suppose -50819*z + 50788*z + 2790 = 0. What is the remainder when z is divided b